{"id":22843,"date":"2024-11-25T16:04:00","date_gmt":"2024-11-25T14:04:00","guid":{"rendered":"https:\/\/www.narrestaurant.pl\/?post_type=product&#038;p=22843"},"modified":"2025-08-29T16:15:12","modified_gmt":"2025-08-29T14:15:12","slug":"patera-z-owocow-sezonowych-mala","status":"publish","type":"product","link":"https:\/\/www.narrestaurant.pl\/en\/product\/patera-z-owocow-sezonowych-mala\/","title":{"rendered":"Patera z owoc\u00f3w sezonowych (ma\u0142a)"},"content":{"rendered":"<p>Ma\u0142a patera z owoc\u00f3w sezonowych<\/p>","protected":false},"excerpt":{"rendered":"<p>Ma\u0142a patera z owoc\u00f3w sezonowych<\/p>","protected":false},"featured_media":22854,"template":"","meta":[],"product_cat":[217],"product_tag":[],"class_list":["post-22843","product","type-product","status-publish","has-post-thumbnail","hentry","product_cat-desery"],"_links":{"self":[{"href":"https:\/\/www.narrestaurant.pl\/en\/wp-json\/wp\/v2\/product\/22843","targetHints":{"allow":["GET"]}}],"collection":[{"href":"https:\/\/www.narrestaurant.pl\/en\/wp-json\/wp\/v2\/product"}],"about":[{"href":"https:\/\/www.narrestaurant.pl\/en\/wp-json\/wp\/v2\/types\/product"}],"wp:featuredmedia":[{"embeddable":true,"href":"https:\/\/www.narrestaurant.pl\/en\/wp-json\/wp\/v2\/media\/22854"}],"wp:attachment":[{"href":"https:\/\/www.narrestaurant.pl\/en\/wp-json\/wp\/v2\/media?parent=22843"}],"wp:term":[{"taxonomy":"product_cat","embeddable":true,"href":"https:\/\/www.narrestaurant.pl\/en\/wp-json\/wp\/v2\/product_cat?post=22843"},{"taxonomy":"product_tag","embeddable":true,"href":"https:\/\/www.narrestaurant.pl\/en\/wp-json\/wp\/v2\/product_tag?post=22843"}],"curies":[{"name":"wp","href":"https:\/\/api.w.org\/{rel}","templated":true}]}}

Patera z owoców sezonowych (mała)

<p>Mała patera z owoców sezonowych</p>
