{"id":22845,"date":"2024-11-25T16:07:16","date_gmt":"2024-11-25T14:07:16","guid":{"rendered":"https:\/\/www.narrestaurant.pl\/?post_type=product&#038;p=22845"},"modified":"2025-08-29T16:14:20","modified_gmt":"2025-08-29T14:14:20","slug":"patera-z-owocow-sezonowych-duza","status":"publish","type":"product","link":"https:\/\/www.narrestaurant.pl\/en\/product\/patera-z-owocow-sezonowych-duza\/","title":{"rendered":"Patera z owoc\u00f3w sezonowych (du\u017ca)"},"content":{"rendered":"<p>Du\u017ca patera z owoc\u00f3w sezonowych<\/p>","protected":false},"excerpt":{"rendered":"<p>Du\u017ca patera z owoc\u00f3w sezonowych<\/p>","protected":false},"featured_media":22854,"template":"","meta":[],"product_cat":[217],"product_tag":[],"class_list":["post-22845","product","type-product","status-publish","has-post-thumbnail","hentry","product_cat-desery"],"_links":{"self":[{"href":"https:\/\/www.narrestaurant.pl\/en\/wp-json\/wp\/v2\/product\/22845","targetHints":{"allow":["GET"]}}],"collection":[{"href":"https:\/\/www.narrestaurant.pl\/en\/wp-json\/wp\/v2\/product"}],"about":[{"href":"https:\/\/www.narrestaurant.pl\/en\/wp-json\/wp\/v2\/types\/product"}],"wp:featuredmedia":[{"embeddable":true,"href":"https:\/\/www.narrestaurant.pl\/en\/wp-json\/wp\/v2\/media\/22854"}],"wp:attachment":[{"href":"https:\/\/www.narrestaurant.pl\/en\/wp-json\/wp\/v2\/media?parent=22845"}],"wp:term":[{"taxonomy":"product_cat","embeddable":true,"href":"https:\/\/www.narrestaurant.pl\/en\/wp-json\/wp\/v2\/product_cat?post=22845"},{"taxonomy":"product_tag","embeddable":true,"href":"https:\/\/www.narrestaurant.pl\/en\/wp-json\/wp\/v2\/product_tag?post=22845"}],"curies":[{"name":"wp","href":"https:\/\/api.w.org\/{rel}","templated":true}]}}

Patera z owoców sezonowych (duża)

<p>Duża patera z owoców sezonowych</p>
