{"id":23007,"date":"2025-08-29T15:44:21","date_gmt":"2025-08-29T13:44:21","guid":{"rendered":"https:\/\/www.narrestaurant.pl\/?post_type=product&#038;p=23007"},"modified":"2025-12-29T12:43:38","modified_gmt":"2025-12-29T10:43:38","slug":"karniyarik-wegetarianski","status":"publish","type":"product","link":"https:\/\/www.narrestaurant.pl\/en\/product\/karniyarik-wegetarianski\/","title":{"rendered":"Karn\u0131yar\u0131k wegetaria\u0144ski"},"content":{"rendered":"<p>Sma\u017cony bak\u0142a\u017can przekrojony wzd\u0142u\u017c, nadziewany cebul\u0105, zielon\u0105 papryk\u0105 i czosnkiem, duszony w sosie pomidorowym.<\/p>","protected":false},"excerpt":{"rendered":"<p>Sma\u017cony bak\u0142a\u017can przekrojony wzd\u0142u\u017c, nadziewany cebul\u0105, zielon\u0105 papryk\u0105 i czosnkiem, duszony w sosie pomidorowym.<\/p>","protected":false},"featured_media":23362,"template":"","meta":[],"product_cat":[228],"product_tag":[],"class_list":["post-23007","product","type-product","status-publish","has-post-thumbnail","hentry","product_cat-dania-z-kuchni-i-zapiekane"],"_links":{"self":[{"href":"https:\/\/www.narrestaurant.pl\/en\/wp-json\/wp\/v2\/product\/23007","targetHints":{"allow":["GET"]}}],"collection":[{"href":"https:\/\/www.narrestaurant.pl\/en\/wp-json\/wp\/v2\/product"}],"about":[{"href":"https:\/\/www.narrestaurant.pl\/en\/wp-json\/wp\/v2\/types\/product"}],"wp:featuredmedia":[{"embeddable":true,"href":"https:\/\/www.narrestaurant.pl\/en\/wp-json\/wp\/v2\/media\/23362"}],"wp:attachment":[{"href":"https:\/\/www.narrestaurant.pl\/en\/wp-json\/wp\/v2\/media?parent=23007"}],"wp:term":[{"taxonomy":"product_cat","embeddable":true,"href":"https:\/\/www.narrestaurant.pl\/en\/wp-json\/wp\/v2\/product_cat?post=23007"},{"taxonomy":"product_tag","embeddable":true,"href":"https:\/\/www.narrestaurant.pl\/en\/wp-json\/wp\/v2\/product_tag?post=23007"}],"curies":[{"name":"wp","href":"https:\/\/api.w.org\/{rel}","templated":true}]}}

Karnıyarık wegetariański

<p>Smażony bakłażan przekrojony wzdłuż, nadziewany cebulą, zieloną papryką i czosnkiem, duszony w sosie pomidorowym.</p>
